s of y(s)?
7, 13
Let g = 8375 + -4231. What are the prime factors of g?
2, 7, 37
Let p = 318 - 635. Let r = p + 621. What are the prime factors of r?
2, 19
Let y(v) = -3*v**3 - 4 + 121*v - 4*v**3 - 130*v - 6*v**2 + 1. What are the prime factors of y(-5)?
13, 59
Let h = -2570 + 3391. What are the prime factors of h?
821
Let h be 4 - 1/(2/(7 - 3)). Suppose 0 = h*v - 0*v + 622. Let c = -222 - v. What are the prime factors of c?
89
Suppose q - 3*x - 18 = -q, -16 = 4*x. Suppose -4*s = 4, -q*b + 49 = -5*s - 775. List the prime factors of b.
3, 7, 13
Suppose 3*v = -13*v + 144. Let d(k) = 2*k**3 - 10*k**2 - 16*k + 36. What are the prime factors of d(v)?
2, 3, 5
Let m(q) = 2*q**3 + 5*q**2 + 2*q - 1. Let p be m(6). Let o(h) = h**2 - 11*h + 24. Let z be o(9). Suppose z*v - 25 = p. List the prime factors of v.
2, 3
Let x(o) = o**2 + o + 328. Let r be x(0). Let f = -266 + r. What are the prime factors of f?
2, 31
Suppose -29*x = -254*x + 3953700. What are the prime factors of x?
2, 23, 191
Let z(q) = -q**2 + 14*q - 43. Let o be z(8). List the prime factors of (-16)/40 + ((-5228)/(-20) - o).
2
Suppose -3*q + 466 = -2*p, -2*q = -4*q + 2*p + 310. Let t = -109 + q. What are the prime factors of t?
47
Suppose 64 = -3*l + 73, 2*v = -3*l + 6757. List the prime factors of v.
2, 7, 241
Let j be (11/55)/(1/85). Suppose 29*p - 1824 = j*p. What are the prime factors of p?
2, 19
Let i be 8/2*((-933)/(-6) + -2). Let c = i - 266. List the prime factors of c.
2, 3, 29
Let s be -2 - -6 - (-2)/1. Suppose 12*d - s = 9*d. List the prime factors of (-275)/(-33)*6/(0 + d).
5
Suppose -7*i + 4*i = 93. Let u = 241 + i. List the prime factors of u.
2, 3, 5, 7
Let d be (5/(-10))/(2 - (-69)/(-34)). Let v be (-2)/(-12) + ((-187)/(-6))/d. Suppose 0 = 2*r - 4*p - 32, 5*r + 2*p = -v*p + 150. List the prime factors of r.
2, 13
Let t(d) = 7*d - 16. Let k be t(3). Suppose k*z = 3*w - 0*z - 448, 0 = -3*w - 4*z + 457. What are the prime factors of w?
151
Suppose 0 = 10*q - 13190 - 8110. Suppose 2*x - 8*s + 9*s = q, -3*s + 2126 = 2*x. What are the prime factors of x?
2, 13, 41
List the prime factors of 580658/(364/14) + 15.
2, 37, 151
Suppose 90*j - 129*j + 5806224 = 105*j. What are the prime factors of j?
61, 661
Let m(i) = -i**2 + 163*i - 238. What are the prime factors of m(52)?
2, 2767
Let y(g) = 3*g**3 - 5*g**2 - 3*g + 334. List the prime factors of y(15).
7, 1327
Let j be (2 - 1 - 0)*216. Suppose 2*k - 6 = -2*d, 23 = k - d - 2*d. Suppose k*z - j = 2*z. List the prime factors of z.
2, 3
Suppose -10*v + 184*t = 189*t - 147755, -29554 = -2*v - 4*t. What are the prime factors of v?
3, 5, 197
Suppose 0 = -n - 4, -t + 0*n - 193 = -3*n. Let m = -200 - t. List the prime factors of m.
5
Suppose 205398 + 58662 = 15*j. List the prime factors of j.
2, 3, 163
Suppose 2*t = -4*y + 28362, 5*t - 28377 = -4*y + 8*t. What are the prime factors of y?
2, 3, 197
Suppose -4*u = -3*v + 25, 0*v + u + 16 = 4*v. Suppose g - 124 = -v*g. Let p = g + 36. List the prime factors of p.
67
Let y(n) = -n + 13. Let i be y(10). Let m be 4/8*-10*(-3)/(-5). List the prime factors of m/(i/(-56)) - -1.
3, 19
Suppose 2394 = -8*o + 14*o. Suppose -m - 2*m + 3*t = -o, -4*m = 4*t - 548. What are the prime factors of m?
3, 5
What are the prime factors of 618*(14 - (-10 - -13))?
2, 3, 11, 103
Let j(w) be the second derivative of -3*w**5/20 - 3*w**4/4 - 5*w**3/3 - w**2/2 - w. Suppose -4 = 100*r - 151*r - 259. List the prime factors of j(r).
199
Let m = 6 - 13. Let l(j) = -j**3 + 31*j - 27. Let i be l(5). What are the prime factors of i*((-4)/3 - -2) - m?
3
Let n = 910 - 904. Suppose -44 = -2*i + 4*j, -4*i - 2*j + 8 + 30 = 0. Suppose 4*u - 12 = -4*f + i, u + n = 5*f. What are the prime factors of u?
2
Let p(s) = 47*s**2 - 2*s + 61*s**2 - 2 - 91*s**2 + 40. What are the prime factors of p(-9)?
1433
Let q = 25 - 19. Suppose -321 = -q*d + 3483. What are the prime factors of d?
2, 317
Suppose -34 = -14*f + 36. Suppose f*s - 530 = 4*g - 170, -5*s - 2*g + 390 = 0. What are the prime factors of s?
2, 19
Let h be ((-72)/(-16))/(102/(-100) + 1). Let a = 97 - h. What are the prime factors of a?
2, 7, 23
Let j = 3323 + -3293. Suppose -4*u - u + 10 = 0. List the prime factors of 3170/j - (u - 4/3).
3, 5, 7
Suppose -r + 1359 = h, 2*r = 2*h - 692 - 1994. List the prime factors of h.
7, 193
Suppose -4*p - 18 = -26. Suppose 4*c = p*i + 6038 - 1810, 0 = 3*c - 5*i - 3171. What are the prime factors of c?
7, 151
Suppose -3*z + 43 = t - 11, 5*z - 250 = -5*t. Let w = 63 - t. What are the prime factors of ((-10)/w)/(6/(-1089))?
11
Let b = -3 + 3. Let j be (-4 + (-8)/(-6))/((-4)/54). Suppose 3*x - 46 = -4*k + x, b = -3*k - 3*x + j. List the prime factors of k.
11
Let s(q) = -255*q**2 - 4*q + 5. Let w be s(1). Let o = w + 423. What are the prime factors of o?
13
Suppose 0*b + 4*b = -8*b. List the prime factors of (-417 - (b + -2))*(-240)/150.
2, 83
Suppose -3*d - 46 = -4*y, 2*d - 2*y - 54 = 4*d. Let p be (4059/d)/((-1)/4). Suppose 0 = -6*u + u + 2*x + p, -5*x = u - 126. What are the prime factors of u?
2, 73
What are the prime factors of 1404460/80 - (-7)/(-4)?
2, 67, 131
Suppose 23*q - 18*q - 130 = 0. Suppose -q*h - 74 = -27*h. Suppose 75*g - h*g = 67. What are the prime factors of g?
67
Let a(y) = -y**3 + 15*y**2 - 16*y - 19. Let b = 82 - 60. Suppose 2*n = 5*p + 16, -p = n - b + 7. What are the prime factors of a(n)?
3, 37
Suppose -159*g - 11257 = -6*z - 164*g, 0 = -4*z + 4*g + 7468. List the prime factors of z.
2, 3, 13
Let j(u) = 15*u + u**2 + 1 + u**3 + 6*u**2 - 8 - 6*u. Let m be j(-5). Let a = m + 67. What are the prime factors of a?
5, 13
Suppose z - 8*z + 14 = 0. Suppose -2*f + z*o = -10, 2*o = -2*f + 3 + 3. Suppose k + 3*t - 140 = 0, -2*k - f*t = 102 - 372. List the prime factors of k.
5
Suppose 28*q - 12101 = -2*c + 23*q, -5*q + 24217 = 4*c. List the prime factors of c.
2, 13, 233
Let t = -133 - -213. Suppose -3*x = 4*n - 151, 4*x = -2*n + t + 8. List the prime factors of n.
2, 17
Let d(h) = -h**3 + 12*h**2 - 10*h - 3. Let c be d(11). Let g be (-18)/c*(-12)/9. Suppose 0 = -g*w + 328 - 94. List the prime factors of w.
2, 3, 13
List the prime factors of (7281/12)/3 - 9/36.
2, 101
Let g = 17037 - 7651. What are the prime factors of g?
2, 13, 19
Let r = 66 - -2284. Let a = r - 1523. What are the prime factors of a?
827
Suppose -188*c + 6794155 + 705941 = 44*c. List the prime factors of c.
2, 3, 449
Let t(y) = y**2 - 9*y - 25. Let q be t(13). Let r = -21 + q. Suppose r*b - 438 = -0*b. List the prime factors of b.
73
Suppose 13428 - 1518 = 15*l. List the prime factors of l.
2, 397
Let j = -2 - -8. Let c(z) = z**2 - 5*z + 6. Let a be c(j). List the prime factors of (-1 - -11) + a + -9.
13
Let j = -64 - -64. Suppose j*p + 3*p + 22 = t, -2*p = 5*t - 25. What are the prime factors of 540/3 - (-21)/t?
3, 61
Suppose 0 = 3*b - 4*u - 9625, -2*b + 7*u + 6425 = 6*u. List the prime factors of b.
5, 643
Suppose 4*s - 2*d + 25 = -791, -s - 5*d - 204 = 0. Let m = 81 - s. List the prime factors of m.
3, 5, 19
Let j(a) = 52*a**2 + 12*a + 30. Let s be j(-3). List the prime factors of s + -2 + (-2)/2.
3, 17
Suppose -3*j - 5 = 4*w, j - 5 = 3*w + 2. List the prime factors of -3 + 5/j - -527.
23
Let s(i) = -1 - 1 - 17026*i + 17050*i. Let x(q) = q**2 + 3*q + 1. Let w be x(-3). List the prime factors of s(w).
2, 11
Let d = -4 + 9. Suppose -5*j + 18*j - 910 = 0. Suppose -4*w + 76 = r, -d*w - j - 192 = -3*r. List the prime factors of r.
2, 3, 7
Let t(a) = 19*a**2 + 15*a + 4. Let h be ((-24)/10)/((-6)/(-15)) - -15. List the prime factors of t(h).
2, 839
Suppose -4*l + c = -10703, c = -l - 225 + 2897. Suppose 0 = -7*q - 407 + l. List the prime factors of q.
2, 3
Let l = 153687 + -106843. List the prime factors of l.
2, 7, 239
Let x(h) = 4*h + 18. Let o = -55 - -50. Let m be x(o). Let g(d) = -18*d**3 + d + 5. What are the prime factors of g(m)?
3, 7
Let a(n) = -7173*n - 82. List the prime factors of a(-2).
2, 1783
Suppose 0 = -4*t + 5*r + 2584, -4*t - 2*r + 1111 + 1473 = 0. Let n = t - 95. What are the prime factors of n?
19, 29
Let x be -4*(-5)/(-5)*-2. Suppose -x*a + 11*a - 2*v - 185 = 0, 0 = -5*a + 4*v + 309. List the prime factors of a.
61
Let z(x) = 26 + 24*x - 105*x - 27*x + 7. What are the prime factors of z(-3)?
3, 7, 17
Suppose 71*x = -29*x + 673200. List the prime fact